it of i?
3
Let o = -64 - -135. What is the tens digit of o?
7
Suppose 0 = 8*n - 3*n + 50. Let i(h) = -h**2 - 12*h - 7. What is the units digit of i(n)?
3
What is the units digit of (-350)/10*(-1 + -8)?
5
Let r(v) = 0*v + 2 + 4*v - 3*v. Let n be r(-5). Let p = 5 + n. What is the units digit of p?
2
Let v(f) = 12*f - 6. Let t be 3/(15/4)*5. What is the units digit of v(t)?
2
What is the tens digit of (-2 - 132/(-8))*2?
2
Suppose -36 = -5*n - 3*j + 159, -230 = -5*n + 4*j. What is the tens digit of n?
4
Let c(l) = 12*l + 10. What is the units digit of c(3)?
6
Suppose 2*d + 5 + 1 = 0. What is the tens digit of 212/10 + d/15?
2
Let y be 1/((-2)/6) + 12. Suppose 3*o - 39 = y. What is the tens digit of o?
1
Suppose -4*d = -2*d. Suppose -11 = -5*q + m, 8 = 2*m - d. What is the units digit of q?
3
Suppose -5*l = 20 - 5. Let t(k) = -k**3 - 2*k**2 - 3*k - 3. What is the units digit of t(l)?
5
Suppose -2*x - 20 = -5*j, 0 = -x - 2*x + 15. Suppose 0 = -f - 2*f + j. Let w(b) = 3*b**2 - 3*b + 1. What is the units digit of w(f)?
7
Suppose 0 = 7*o - 5*o - 96. What is the units digit of o?
8
Suppose x + 960 = 6*x. What is the units digit of x?
2
Let n be (-21)/(-9) - (-3)/(-9). Let z be n/4 + (-38)/(-4). What is the units digit of z/(-25) - 84/(-10)?
8
Let l(t) = -t + 2. Let n be l(2). Let y be n + -1 - (1 + -2). What is the units digit of (y + -3 - -6) + 1?
4
Let n = -13 + 18. Suppose -n*r = 4*g - 5*g + 62, -3*r + 85 = 2*g. Let c = g + -31. What is the tens digit of c?
1
Suppose 4*v - 544 = 4*j, -5*v + j = -0*j - 672. What is the hundreds digit of v?
1
Suppose -5*c + 2*d + 130 = -3*d, 129 = 5*c - 4*d. What is the units digit of c?
5
Let u = 511 + -329. What is the tens digit of u?
8
Suppose -4*p - p + 2*c + 1359 = 0, 0 = -2*p + 4*c + 550. What is the tens digit of p?
7
Suppose 0 = 3*w - 4*w - 8. Suppose 4*c + 380 = 4*p, -2*c - 197 = p + 4*p. What is the tens digit of 18/w*c/18?
1
Let z = 6 + -3. Suppose -z*c + 1 = w - 0, 3*c = -2*w + 2. What is the units digit of (-24)/(-8) + 0 + w?
4
What is the tens digit of (-3 - 46)*4/(-14)?
1
What is the hundreds digit of (-22)/(-8)*33*12/9?
1
Suppose -3*l = 2*l + 2*z - 21, -4*l + 3*z = -3. Suppose 6 + 3 = l*r. Suppose -g = r*d - 6*g - 16, -4*g = 4*d - 64. What is the tens digit of d?
1
Let d be (0 + 0)/(2 - 1). What is the units digit of 2*4 - (d - -2)?
6
Suppose -s = -0*s - 16. Suppose z = -z + s. Suppose -f = -4*b - 29, f + 5*b = -8 - z. What is the units digit of f?
9
Suppose 0 = -2*j - 3 + 9. Suppose -q = 4*p - 10, -5*q = -5*p - 2*q + 4. What is the units digit of 15/p + j/(-6)?
7
Suppose 3*c - 6 = -3*k, -3*c - 28 = -5*k + c. Suppose -k = -4*v - 4*x, v - 3*x + 0*x - 5 = 0. Let i(r) = 2*r - 2. What is the units digit of i(v)?
2
Suppose -91 = -4*d - 19. What is the tens digit of d?
1
Let a(b) = 2*b - 9. Let t(c) = 5*c + 0*c + 0*c - 6 - 13. Let x(k) = -7*a(k) + 3*t(k). What is the units digit of x(0)?
6
Let q = -17 + 23. Suppose 17 = b + q. What is the tens digit of b?
1
Let s(o) = -o**2 - 10*o - 2. Let i be s(-10). Let f = 2 - i. Suppose 0 = n + f*n - 80. What is the tens digit of n?
1
Let b = 4 - -19. What is the tens digit of b?
2
Let a = 4 + -6. What is the units digit of (-3 + (-3)/a)*-6?
9
Let a(r) = r - 6. Let p be a(9). Suppose v + p + 46 = 4*m, -58 = -5*m - 2*v. What is the tens digit of m?
1
Let j(y) = 3*y + 11. What is the tens digit of j(21)?
7
Suppose -3*m = 2 - 17. Let v(g) = g**2 - g - 11. What is the units digit of v(m)?
9
Suppose 80 = 4*m - 2*m. Suppose -3*f - 2*s + m = -s, 0 = -2*s - 4. What is the tens digit of f?
1
Suppose -36 = g - 4*g. Suppose -2 = a + c + c, -5*a + c + g = 0. Suppose -3*r + 4*d + 47 - 11 = 0, -a*r = 2*d - 10. What is the units digit of r?
8
Let b = 10 + -7. Suppose b*g + 1 - 16 = 0. What is the units digit of g?
5
Let r = 76 - 43. Suppose -3*n - 15 = -0*n, -r = -3*u - 3*n. What is the units digit of u?
6
Let z(p) be the second derivative of -1/20*p**5 - 1/12*p**4 + 0*p**2 - 3*p + 1/6*p**3 + 0. What is the units digit of z(-2)?
2
Let f(s) be the second derivative of -s**3/6 + 13*s**2/2 - 4*s. Let y be f(11). Suppose -6*w + 2*w - 14 = -y*b, -13 = -2*b + 3*w. What is the units digit of b?
5
Let j(c) = -c + 2. Let o be j(-3). Suppose -20 = -n - o. What is the units digit of n?
5
Let x(o) = o**3 + 8*o**2 + 6*o + 3. What is the units digit of x(-7)?
0
Suppose -a = 2*a + 747. Let d be (a/6 - -2)*-2. Suppose d = 4*z + 23. What is the units digit of z?
4
What is the units digit of 0 + 8 - (3 - 0)?
5
Suppose f - 3 = -3*v + 4, -5*f = 2*v - 22. Let y(p) = 4*p**2 - p + 1. What is the units digit of y(v)?
4
Suppose 68 = 2*i - 78. What is the units digit of i?
3
Suppose 5*g + 11 = -44. Let n be (-2)/g - 738/66. Let i = 10 - n. What is the tens digit of i?
2
Suppose 0 = -s - 5*x + 291, -25 = s - 5*x - 326. What is the tens digit of s?
9
Suppose -5*z + 0*z + 4*y + 489 = 0, -5*y - 283 = -3*z. What is the tens digit of z?
0
Suppose -7*o + 290 - 94 = 0. What is the units digit of o?
8
Let c(k) = -4*k**2 + 6*k + 6. Let p(n) = 5*n**2 - 6*n - 7. Let r(m) = -3*c(m) - 2*p(m). What is the units digit of r(5)?
6
Let u(o) = -o**3 + o**2 + 4. Let r be u(0). Suppose r*n = -n. Suppose 5 = -j, n = 4*c - j - 28 - 13. What is the units digit of c?
9
Suppose -2*u - l = -230, u - 5*l - 106 = -l. What is the hundreds digit of u?
1
Let b be (1 - 0)*(5 + -3). Let o = b + -7. Let v(p) = -p**2 - 7*p - 2. What is the units digit of v(o)?
8
Let r = -89 + 132. What is the units digit of r?
3
Let o be 4/3*15/10. Suppose -o = 4*m + 4*f + 2, -f = -2*m + 7. What is the units digit of m?
2
Let i(c) = 5*c**2 + 2*c**2 + c**3 + 0*c**3 - 2 + 6. What is the units digit of i(-7)?
4
Let v be (-1)/((6/(-2))/(-3)). Let q(s) = -10*s**3 + 1. What is the tens digit of q(v)?
1
Let m(x) = 2*x**2 - 3*x + 2. Let o be m(2). Let n(i) = i**2 - 1. Let f(p) = 2*p**2 - 2*p. Let r(q) = f(q) - n(q). What is the units digit of r(o)?
9
Suppose 22 = -2*r + 4*m, -5*r - 31 = -4*m - 0*m. Let y = r - -15. What is the units digit of y?
2
Let w = 6 + -5. Suppose w = -3*l + 7. What is the units digit of l?
2
Let i(h) = -10*h - 1. Let x be i(-5). Suppose -x = 5*q - 299. What is the tens digit of q?
5
Suppose -5*j + 34 + 41 = 0. Suppose 0*i + 3*i = j. Let s(f) = f + 2. What is the units digit of s(i)?
7
Suppose -4*s + 18 = -98. What is the units digit of s?
9
Let i(t) = -t**3 + 15*t**2 + 36*t - 23. What is the tens digit of i(17)?
1
Suppose -5*h + 20 = 5. Suppose h*f - 8 = 1. Suppose f*l = -5 + 20. What is the units digit of l?
5
Suppose 3*y + 6 = 0, 5*l - 4*l + 4*y - 164 = 0. What is the tens digit of l?
7
Let m(w) = 2*w - 4. Let d be m(2). Suppose 2*i + 3*i - 105 = d. What is the tens digit of i?
2
Suppose -s + 0 = -3. What is the units digit of s?
3
Suppose 189 = 4*o - 103. What is the units digit of o?
3
Suppose 811 = 5*w - 449. What is the units digit of w?
2
Let w(q) be the first derivative of q**3/3 + 3*q**2/2 + q + 2. What is the tens digit of w(-5)?
1
Suppose 15*w + 6 = 18*w. Let b(a) = 6*a**3 - 2*a + 2. What is the tens digit of b(w)?
4
Let f(m) = m**3 - 12*m**2 + 12*m + 13. Let t be f(11). Let i = -14 + t. What is the tens digit of i?
1
Let z(r) be the first derivative of -7*r**4/12 - r**2/2 + 4. Let q(h) be the second derivative of z(h). What is the units digit of q(-1)?
4
Let g be (5/2)/((-6)/(-60)). Let i(d) = -7*d + 3. Let l be i(3). Let q = l + g. What is the units digit of q?
7
Suppose -s + 2*s = 101. Suppose 0 = 5*g - s + 6. What is the units digit of g?
9
Let n = -8 - -14. Suppose -18 + n = -3*k. Suppose -k = d - 3*d. What is the units digit of d?
2
Suppose 0 = 5*r + 15, 4*g + 1 + 9 = 2*r. What is the units digit of (7 + g)/(-1 - -2)?
3
Let u be (-5)/20 + 57/4. Suppose 2*f - 20 = -3*k, 2 = k + 3*f - u. Suppose 0 = 5*s - 0*h - k*h + 15, 4*s - 4*h + 16 = 0. What is the units digit of s?
1
Let l = 262 + -172. What is the units digit of l?
0
Let i(f) be the first derivative of 19*f**2/2 - 2. What is the units digit of i(1)?
9
Let l be 185/25 + (-4)/10. Suppose 2*b = 3*b - 3*t - 21, 0 = b + 4*t - l. What is the tens digit of b?
1
Suppose -96 = -2*j - s, 26 = -j + 4*s + 74. What is the units digit of j?
8
Suppose 20 = -0*y + 4*y. Suppose 0*b - 65 = -y*b. What is the tens digit of b?
1
Suppose k + 20 = 4*o + o, 0 = -k + 5. Suppose 4*h + o = 13. What